be -3*(33/9 + -1). Calculate the remainder when ((-54)/15)/(1/(-5)) is divided by 1/(1 - s/(-10)).
3
Let d(w) = -13*w - 4. Let c be d(-1). Let s = 52 + c. Calculate the remainder when s is divided by 16.
13
Let w(b) = b**2 + 3*b + 1. Let n = -84 - -79. What is the remainder when (-42)/n*((-90)/4)/(-9) is divided by w(-5)?
10
Suppose 5*x - 49 = -2*j, 2*j - 5*x - 59 = -0*x. Suppose 6*o = 9*o - 15. Calculate the remainder when j is divided by o.
2
Let n = 76 - 75. Let i(a) = 13*a**2 + 2*a. What is the remainder when i(n) is divided by 9?
6
Let s(v) = v**3 - 7*v**2 + 8*v + 5. Suppose -2*j = 29*j - 1550. What is the remainder when j is divided by s(6)?
16
Let k = -3 - -40. Let z(r) = r**2 - 18*r + 5. What is the remainder when k is divided by z(18)?
2
Suppose 5*k + 11*h = 7*h + 236, -4*k - 5*h + 196 = 0. Calculate the remainder when 245 is divided by k.
25
Calculate the remainder when ((-2)/4 - 1)*2454/(-9) is divided by 83.
77
Suppose -378 = -21*p + 819. Let d(r) = 2*r + 1. Let g be d(-2). Let z(m) = -6*m - 3. What is the remainder when p is divided by z(g)?
12
Suppose 25 = 3*o + 2*o. Suppose o*u - 231 - 84 = 0. Calculate the remainder when u is divided by 11.
8
Calculate the remainder when 10365/12 - (-9)/(-12) is divided by 5.
3
Suppose -172*v = -175*v + 141. Calculate the remainder when v is divided by 8.
7
Suppose 64 = i - g + 46, -2*i = 4*g - 36. What is the remainder when i is divided by 6?
0
What is the remainder when 54 is divided by (6/(-3))/(1/((-50)/4))?
4
Let u = 81 + -5. Suppose -q = 45 - u. Calculate the remainder when 123 is divided by q.
30
Let p(i) = 2*i**2 + 3*i - 2. What is the remainder when p(-3) is divided by 3?
1
Let f(p) = -p**2 - 8*p - 5. Suppose 0 = -a - 2*a + 21. Suppose o + 3 - a = 0. What is the remainder when f(-6) is divided by o?
3
Let u(w) = -w**3 - 14*w**2 + 3. Let t be u(-14). What is the remainder when 5/(-1 + t/2) is divided by 8?
2
Suppose -903 = 12*h - 15*h. Suppose -3*q = -101 - h. Calculate the remainder when q is divided by 15.
14
Let s(u) = u**3 - 6*u**2 + 7*u - 5. Let f = -58 - -59. Calculate the remainder when 13 + (4 - (f + 2)) is divided by s(5).
4
Suppose 45 = 5*f + n - 47, 3*f + 5*n - 64 = 0. Suppose 0 = 3*a - 2 - 31. What is the remainder when f is divided by a?
7
Suppose -3*j = -0 - 18. Suppose 314*i - 653*i = -323*i - 304. What is the remainder when i is divided by j?
1
Let g(m) = m**2 + 5*m + 83. What is the remainder when g(-5) is divided by 14?
13
Let n(m) = -m**3 + 2*m**2 + 6*m + 2. Suppose -10 = 2*z - 5*v, -3*z + 4*z + 5*v + 5 = 0. Calculate the remainder when n(z) is divided by 15.
12
Suppose -784 + 164 = -31*p. What is the remainder when 36 is divided by p?
16
Let s(o) = -7*o + 3. Let m be s(-7). Suppose 5*u - m = -4*r - 5, 2*r - 51 = -5*u. What is the remainder when 40 is divided by u?
7
Let p(s) = 7*s + 367. What is the remainder when p(0) is divided by 37?
34
Suppose 3*w + 12 = 6*w. Suppose 5*k - w*k = 8. Calculate the remainder when -46*(-1)/2 - 2 is divided by k.
5
Let o = 623 - 541. What is the remainder when o is divided by 15?
7
Suppose -3*c + 18 = -15. Suppose -7*x - 192 = -248. What is the remainder when c is divided by x?
3
Let b = -114 + 114. Suppose b = -3*n - 4*t + 35, 5*t - 10*t + 31 = 3*n. Calculate the remainder when 18 is divided by n.
1
Let x(g) be the third derivative of -g**4/3 - g**3/6 - g**2. Suppose -3*k = 5*t - 53, -7*k + 12*k - 150 = 4*t. What is the remainder when k is divided by x(-1)?
5
Calculate the remainder when (1/2)/((18/232)/9) is divided by 17.
7
Suppose 395*n = 397*n - 52. Calculate the remainder when 92 is divided by n.
14
Let o be (-5 - (-54)/12)/(2/256). Let n = -26 - o. Suppose -2*h - 62 = -7*h + 3*k, -23 = -2*h + 3*k. Calculate the remainder when n is divided by h.
12
Let o = -17 - -3. Let d = o - -18. What is the remainder when 2/d*1*88 is divided by 23?
21
Suppose 0 = -7*t + 25 + 38. Suppose -o = 2*o - t. Suppose 10 = o*v - 50. Calculate the remainder when 76 is divided by v.
16
Let z = 22 - 15. Suppose 37*m - 520 = 11*m. Calculate the remainder when m is divided by z.
6
Suppose 3*o + 5*z - 135 = 0, 0*z - z + 197 = 4*o. Suppose -20 = d - 3*u, u - 32 = 2*d - u. Calculate the remainder when o is divided by (d/4 + -3)*-2.
11
Suppose 0 = 3*r - 23*r + 140. What is the remainder when 223 is divided by r?
6
Suppose 4*i - 24 = -8. Suppose -i*n = -2*s, -7*n = -4*n - 12. Suppose -2*c = -50 - s. What is the remainder when c is divided by 6?
5
Let y be (-2*18/8)/(12/112). Let z = -33 - y. Let g(o) = -4*o**3 - o**2 + 2*o + 1. What is the remainder when g(-2) is divided by z?
7
Calculate the remainder when (11195/45 - 0) + 2/9 is divided by 21.
18
Calculate the remainder when 174 is divided by (72/(-30))/(5/(300/(-8))).
12
Let s = 14 + -9. Suppose -31 - 9 = -s*w. What is the remainder when 23 is divided by w?
7
Let n(h) = -14*h - h**2 + 5 + 44*h - 15*h - 15. Calculate the remainder when n(11) is divided by 12.
10
Let v(t) = -t**2 + 14*t - 20. Let u be v(11). Let n(s) = -s**3 + 12*s**2 + 21*s - 23. What is the remainder when n(u) is divided by 41?
40
Calculate the remainder when -5*9/(-45) - (-257 + 2) is divided by 6.
4
Suppose -3*n - 2*y = -96, -2*n + 0*y + 64 = 3*y. Let w = 4 + n. Let p = -13 - -23. What is the remainder when w is divided by p?
6
Suppose -17*q + 164 + 261 = 0. Calculate the remainder when 82 is divided by q.
7
Suppose -18*x + 34 = -1262. Suppose 2*b - 38 = -5*p, -2*b - 2*p = 3*b - 95. What is the remainder when x is divided by b?
15
Suppose -4*x + u = -33, 5*x - 2*x + u - 23 = 0. Suppose 314 + 366 = x*i. Calculate the remainder when i is divided by 8.
5
Let w be (4/(-8) - 1)/(4/(-16)). Suppose -38 = -2*j + 5*m, 3*m - 42 = -2*j + w*m. Calculate the remainder when j is divided by 14.
10
Let y be (-1*3)/(12/8). Calculate the remainder when -124*y/(-4)*-1 is divided by 13.
10
Suppose -20*r + 6794 = -2786. Calculate the remainder when r is divided by 69.
65
Let c(d) = d**2 + 5*d + 2. What is the remainder when 188 is divided by c(-9)?
36
Suppose -2*q = 3*q - y - 34, -5 = -q + 2*y. Suppose -4*l + 11*l = 140. What is the remainder when l is divided by q?
6
Let h = 165 + -48. What is the remainder when h is divided by 12/1 - (5 + -8)?
12
Calculate the remainder when (-2)/6 - 2464/(-21) is divided by 20.
17
Let b = 344 + -327. What is the remainder when 94 is divided by b?
9
What is the remainder when 540 is divided by (-970)/(-582)*468/10?
72
Suppose 624 = 12*l + 1644. Let a = l + 117. What is the remainder when 93 is divided by a?
29
Suppose -16 + 14 = 2*p. What is the remainder when p*(3 - -1) + 40 is divided by 8?
4
Suppose k + 3*u - 26 = u, -k = -2*u - 10. Suppose 1600 = k*t - 596. What is the remainder when t is divided by 31?
29
Let r = -88 - -93. What is the remainder when 37 is divided by r?
2
Let d = -196 - -200. Calculate the remainder when 59 is divided by d.
3
Let n(q) = -q - 3. Let o(k) = -k**3 - 4*k**2 + 7*k + 4. Let r be o(-5). Let s(i) = 2*i**2 - 9*i - 15. Calculate the remainder when s(-2) is divided by n(r).
2
Let n be 1/(-2)*(-100 - -2). Suppose 5*s + 22 = 4*q + 147, n = s + 4*q. What is the remainder when 60 is divided by s + -2 + -4 + -2?
18
What is the remainder when 826 is divided by 92/10*20/8?
21
Let j(z) = 339 + 5*z - 187 - 176. Suppose 2*a = -a + 93. What is the remainder when a is divided by j(7)?
9
Let g(m) = 5*m. Let w be ((-6)/(-2))/(-1 + 2). Calculate the remainder when g(w) is divided by 14/(-3)*((-22)/(-7) + -4).
3
Calculate the remainder when 198 is divided by (61 + -5)/(-8) + 108.
97
Let v(j) = 8*j + 33. Let i be v(-15). Let r = -50 - i. Calculate the remainder when r is divided by 21.
16
Let u(w) = 11 - 18*w - 3 + 0 - 126*w. Calculate the remainder when u(-1) is divided by 52.
48
Let l(w) = -w**2 + 8*w - 1. Let x be l(7). Let m = x - 3. Let a = -165 - -173. What is the remainder when a is divided by m?
2
What is the remainder when ((-36)/(-20))/((-2)/(-70)) is divided by 13?
11
Let f(t) = 3*t**3 - 5*t**2 + 4*t - 5. Calculate the remainder when f(2) is divided by 1.
0
Let w(h) = h**3 - 2*h**2 + h + 3. Suppose 3*g - 6 = 2*g. What is the remainder when 3*((-580)/g)/(-5) is divided by w(3)?
13
Suppose u - 2*a - 22 = 0, u + 3*a = -1 - 2. Let i = 59 + -59. Let x(q) = 2*q**2 - 2*q + 22. Calculate the remainder when